.
5
What is the highest common factor of 1369 and 111?
37
What is the greatest common divisor of 60 and 4?
4
Calculate the greatest common divisor of 203 and 551.
29
Calculate the greatest common factor of 47510 and 10.
10
Calculate the highest common divisor of 45 and 190.
5
Calculate the greatest common factor of 153 and 54.
9
What is the highest common factor of 180 and 45?
45
Calculate the highest common divisor of 32 and 6896.
16
What is the highest common divisor of 40 and 3904?
8
Calculate the greatest common divisor of 28 and 203.
7
What is the highest common divisor of 285 and 3645?
15
What is the greatest common divisor of 54 and 414?
18
What is the greatest common divisor of 64 and 416?
32
Calculate the highest common factor of 580 and 12064.
116
Calculate the highest common divisor of 52 and 3484.
52
Calculate the highest common divisor of 3 and 16677.
3
What is the highest common factor of 24 and 604?
4
Calculate the greatest common factor of 12 and 412.
4
Calculate the greatest common divisor of 483 and 9821.
161
Calculate the greatest common factor of 120 and 15.
15
Calculate the greatest common divisor of 639 and 18.
9
Calculate the highest common divisor of 64 and 24.
8
Calculate the greatest common factor of 7 and 91.
7
What is the greatest common divisor of 2997 and 37?
37
What is the greatest common divisor of 1296 and 21708?
324
Calculate the highest common divisor of 1520 and 880.
80
Calculate the highest common factor of 155 and 25.
5
What is the greatest common factor of 117 and 2511?
9
What is the highest common factor of 100 and 260?
20
What is the greatest common factor of 1024 and 128?
128
What is the highest common divisor of 20 and 82860?
20
What is the greatest common factor of 268 and 4?
4
Calculate the greatest common factor of 24 and 564.
12
What is the highest common factor of 744 and 1209?
93
Calculate the highest common divisor of 104 and 364.
52
Calculate the highest common factor of 138 and 384.
6
Calculate the greatest common divisor of 660 and 384.
12
What is the highest common divisor of 627 and 264?
33
Calculate the greatest common divisor of 4 and 212.
4
Calculate the greatest common divisor of 426 and 14.
2
Calculate the highest common divisor of 8 and 2226.
2
Calculate the highest common divisor of 2046 and 198.
66
What is the greatest common factor of 48 and 48912?
48
Calculate the highest common divisor of 4045 and 5.
5
What is the greatest common divisor of 416 and 546?
26
Calculate the highest common factor of 400 and 464.
16
Calculate the highest common divisor of 77 and 143.
11
What is the highest common factor of 8 and 176?
8
What is the greatest common factor of 88 and 32?
8
Calculate the greatest common factor of 12 and 37548.
12
Calculate the greatest common divisor of 180 and 72.
36
Calculate the highest common divisor of 2795 and 260.
65
What is the highest common divisor of 574 and 451?
41
Calculate the highest common divisor of 410 and 50.
10
Calculate the highest common factor of 230 and 138.
46
What is the greatest common factor of 792 and 352?
88
What is the greatest common divisor of 3717 and 819?
63
Calculate the highest common factor of 1141 and 10106.
163
Calculate the greatest common factor of 15 and 65.
5
What is the highest common factor of 404 and 4?
4
What is the highest common divisor of 22 and 11?
11
Calculate the greatest common divisor of 27 and 81.
27
Calculate the greatest common divisor of 584 and 219.
73
What is the highest common divisor of 832 and 128?
64
Calculate the highest common divisor of 200 and 120.
40
Calculate the greatest common divisor of 29 and 15167.
29
Calculate the highest common factor of 3520 and 110.
110
What is the highest common divisor of 400 and 3890?
10
What is the highest common factor of 222 and 6?
6
What is the highest common divisor of 15290 and 110?
110
What is the highest common factor of 12 and 18276?
12
What is the greatest common divisor of 2528 and 8?
8
Calculate the greatest common factor of 9 and 3630.
3
What is the highest common divisor of 3223 and 22?
11
What is the highest common factor of 1285 and 5?
5
What is the highest common divisor of 1189 and 164?
41
Calculate the highest common factor of 48 and 138.
6
What is the highest common factor of 4313 and 19?
19
What is the highest common factor of 96 and 6600?
24
Calculate the highest common divisor of 7 and 25.
1
What is the highest common factor of 81 and 9?
9
What is the greatest common factor of 10 and 2330?
10
What is the highest common divisor of 1182 and 198?
6
Calculate the highest common divisor of 133 and 14.
7
Calculate the greatest common divisor of 16 and 2.
2
What is the greatest common divisor of 54 and 1194?
6
Calculate the highest common factor of 14 and 1414.
14
What is the highest common factor of 594 and 88?
22
What is the greatest common factor of 25 and 3425?
25
Calculate the highest common factor of 115 and 2783.
23
Calculate the greatest common divisor of 17 and 272.
17
What is the highest common factor of 10 and 75?
5
What is the greatest common factor of 184 and 575?
23
What is the highest common divisor of 350 and 70?
70
Calculate the highest common divisor of 160 and 100.
20
Calculate the highest common divisor of 252 and 42.
42
What is the highest common divisor of 6439 and 47?
47
Calculate the highest common divisor of 208 and 13.
13
Calculate the highest common divisor of 1837 and 11.
11
What is the highest common factor of 560 and 320?
80
Calculate the highest common factor of 10972 and 416.
52
Calculate the highest common divisor of 20 and 20420.
20
Calculate the highest common factor of 228 and 570.
114
Calculate the greatest common divisor of 7199 and 23.
23
Calculate the highest common factor of 80 and 4096.
16
Calculate the greatest common factor of 568 and 8.
8
What is the highest common factor of 1 and 3?
1
What is the greatest common divisor of 32 and 152?
8
What is the highest common divisor of 2 and 512?
2
What is the highest common divisor of 2568 and 107?
107
What is the greatest common divisor of 258 and 215?
43
What is the highest common factor of 54 and 61452?
54
Calculate the greatest common divisor of 90 and 342.
18
What is the highest common divisor of 18844 and 28?
28
Calculate the greatest common factor of 1494 and 252.
18
What is the highest common divisor of 92 and 322?
46
Calculate the greatest common divisor of 1264 and 208.
16
What is the highest common divisor of 1989 and 468?
117
What is the greatest common divisor of 27 and 7911?
27
Calculate the highest common divisor of 57 and 475.
19
Calculate the greatest common factor of 124 and 2883.
31
What is the highest common divisor of 91 and 28?
7
Calculate the highest common factor of 208 and 598.
26
What is the greatest common factor of 175 and 385?
35
What is the highest common divisor of 36 and 98244?
36
Calculate the highest common factor of 18718 and 294.
98
Calculate the greatest common divisor of 18 and 11682.
18
What is the highest common factor of 440 and 110?
110
Calculate the greatest common factor of 448 and 1624.
56
What is the greatest common factor of 17 and 289?
17
What is the greatest common divisor of 2204 and 667?
29
Calculate the greatest common factor of 45 and 2511.
9
Calculate the highest common divisor of 62648 and 328.
328
Calculate the highest common divisor of 354 and 18.
6
Calculate the greatest common factor of 9401 and 68.
17
Calculate the highest common divisor of 152 and 19.
19
Calculate the highest common divisor of 908 and 4.
4
What is the greatest common divisor of 16 and 1016?
8
Calculate the greatest common factor of 5307 and 366.
183
Calculate the greatest common divisor of 160 and 79280.
80
Calculate the greatest common factor of 520 and 120.
40
Calculate the greatest common divisor of 18 and 112.
2
Calculate the highest common factor of 40 and 32.
8
What is the greatest common factor of 330 and 5?
5
What is the highest common divisor of 594 and 726?
66
What is the greatest common factor of 658 and 28?
14
Calculate the highest common factor of 56 and 35.
7
Calculate the highest common factor of 33 and 451.
11
What is the greatest common divisor of 3 and 333?
3
What is the highest common divisor of 49 and 196?
49
Calculate the